 the remainder when 946 is divided by 2?
0
Calculate the remainder when 112 is divided by 12.
4
Calculate the remainder when 773 is divided by 77.
3
What is the remainder when 216 is divided by 22?
18
What is the remainder when 582 is divided by 42?
36
Calculate the remainder when 151 is divided by 22.
19
What is the remainder when 45196 is divided by 162?
160
Calculate the remainder when 2029 is divided by 72.
13
Calculate the remainder when 279 is divided by 10.
9
What is the remainder when 779 is divided by 52?
51
What is the remainder when 594 is divided by 43?
35
Calculate the remainder when 87 is divided by 20.
7
Calculate the remainder when 645 is divided by 17.
16
Calculate the remainder when 73 is divided by 19.
16
Calculate the remainder when 11152 is divided by 39.
37
Calculate the remainder when 788 is divided by 159.
152
Calculate the remainder when 81 is divided by 43.
38
Calculate the remainder when 109 is divided by 7.
4
Calculate the remainder when 51 is divided by 50.
1
Calculate the remainder when 536 is divided by 20.
16
Calculate the remainder when 83 is divided by 57.
26
What is the remainder when 237 is divided by 8?
5
What is the remainder when 1157 is divided by 167?
155
What is the remainder when 125 is divided by 17?
6
Calculate the remainder when 338 is divided by 30.
8
What is the remainder when 2356 is divided by 197?
189
What is the remainder when 1164 is divided by 164?
16
What is the remainder when 442 is divided by 72?
10
Calculate the remainder when 71 is divided by 11.
5
Calculate the remainder when 170 is divided by 65.
40
What is the remainder when 431 is divided by 62?
59
What is the remainder when 2869 is divided by 88?
53
Calculate the remainder when 903 is divided by 306.
291
Calculate the remainder when 2023 is divided by 22.
21
Calculate the remainder when 194 is divided by 14.
12
Calculate the remainder when 955 is divided by 348.
259
Calculate the remainder when 154 is divided by 40.
34
Calculate the remainder when 7257 is divided by 110.
107
What is the remainder when 274 is divided by 93?
88
What is the remainder when 1495 is divided by 30?
25
What is the remainder when 286 is divided by 29?
25
What is the remainder when 5316 is divided by 17?
12
What is the remainder when 278 is divided by 257?
21
Calculate the remainder when 124 is divided by 65.
59
What is the remainder when 270 is divided by 59?
34
Calculate the remainder when 1118 is divided by 113.
101
Calculate the remainder when 300 is divided by 86.
42
Calculate the remainder when 1079 is divided by 23.
21
Calculate the remainder when 495 is divided by 10.
5
What is the remainder when 82 is divided by 15?
7
What is the remainder when 125 is divided by 65?
60
Calculate the remainder when 3979 is divided by 22.
19
What is the remainder when 541 is divided by 58?
19
What is the remainder when 8849 is divided by 54?
47
Calculate the remainder when 174 is divided by 77.
20
Calculate the remainder when 1005 is divided by 24.
21
Calculate the remainder when 38 is divided by 23.
15
Calculate the remainder when 38 is divided by 16.
6
What is the remainder when 74 is divided by 12?
2
Calculate the remainder when 241 is divided by 31.
24
What is the remainder when 4899 is divided by 100?
99
What is the remainder when 8476 is divided by 6?
4
What is the remainder when 842 is divided by 13?
10
Calculate the remainder when 1239 is divided by 54.
51
What is the remainder when 147 is divided by 27?
12
What is the remainder when 968 is divided by 54?
50
Calculate the remainder when 16 is divided by 6.
4
Calculate the remainder when 288 is divided by 101.
86
What is the remainder when 471 is divided by 79?
76
Calculate the remainder when 128 is divided by 67.
61
What is the remainder when 2852 is divided by 947?
11
Calculate the remainder when 1446 is divided by 413.
207
Calculate the remainder when 715 is divided by 142.
5
What is the remainder when 352 is divided by 280?
72
Calculate the remainder when 677 is divided by 244.
189
Calculate the remainder when 486 is divided by 17.
10
Calculate the remainder when 156 is divided by 37.
8
Calculate the remainder when 845 is divided by 77.
75
Calculate the remainder when 336 is divided by 181.
155
Calculate the remainder when 6896 is divided by 69.
65
Calculate the remainder when 5123 is divided by 42.
41
Calculate the remainder when 382 is divided by 24.
22
What is the remainder when 448 is divided by 18?
16
What is the remainder when 439 is divided by 111?
106
What is the remainder when 1325 is divided by 47?
9
Calculate the remainder when 70 is divided by 52.
18
Calculate the remainder when 183 is divided by 48.
39
What is the remainder when 445 is divided by 14?
11
What is the remainder when 523 is divided by 137?
112
Calculate the remainder when 2573 is divided by 92.
89
What is the remainder when 80 is divided by 68?
12
Calculate the remainder when 961 is divided by 46.
41
Calculate the remainder when 230 is divided by 41.
25
Calculate the remainder when 104 is divided by 9.
5
What is the remainder when 254 is divided by 72?
38
What is the remainder when 22343 is divided by 76?
75
Calculate the remainder when 237 is divided by 188.
49
What is the remainder when 342 is divided by 21?
6
What is the remainder when 67 is divided by 53?
14
Calculate the remainder when 430 is divided by 48.
46
What is the remainder when 326 is divided by 88?
62
What is the remainder when 151 is divided by 39?
34
Calculate the remainder when 711 is divided by 31.
29
Calculate the remainder when 276 is divided by 88.
12
Calculate the remainder when 21430 is divided by 188.
186
What is the remainder when 1478 is divided by 41?
2
Calculate the remainder when 26 is divided by 16.
10
Calculate the remainder when 3895 is divided by 20.
15
Calculate the remainder when 7305 is divided by 21.
18
What is the remainder when 947 is divided by 73?
71
What is the remainder when 135 is divided by 42?
9
Calculate the remainder when 309 is divided by 94.
27
What is the remainder when 808 is divided by 43?
34
What is the remainder when 396 is divided by 80?
76
Calculate the remainder when 408 is divided by 219.
189
Calculate the remainder when 5847 is divided by 344.
343
What is the remainder when 48 is divided by 15?
3
Calculate the remainder when 2481 is divided by 108.
105
What is the remainder when 480 is divided by 116?
16
What is the remainder when 238 is divided by 10?
8
Calculate the remainder when 340 is divided by 86.
82
Calculate the remainder when 420 is divided by 234.
186
What is the remainder when 716 is divided by 10?
6
Calculate the remainder when 314 is divided by 52.
2
What is the remainder when 1112 is divided by 314?
170
What is the remainder when 130 is divided by 129?
1
What is the remainder when 175 is divided by 44?
43
What is the remainder when 505 is divided by 102?
97
What is the remainder when 520 is divided by 105?
100
Calculate the remainder when 3762 is divided by 26.
18
Calculate the remainder when 2179 is divided by 45.
19
What is the remainder when 14087 is divided by 24?
23
What is the remainder when 539 is divided by 12?
11
What is the remainder when 42 is divided by 13?
3
Calculate the remainder when 2810 is divided by 351.
2
What is the remainder when 118 is divided by 24?
22
What is the remainder when 333 is divided by 331?
2
Calculate the remainder when 321 is divided by 6.
3
What is the remainder when 420 is divided by 107?
99
Calculate the remainder when 957 is divided by 20.
17
What is the remainder when 221 is divided by 7?
4
What is the remainder when 472 is divided by 124?
100
What is the remainder when 13199 is divided by 24?
23
Calculate the remainder when 2989 is divided by 46.
45
What is the remainder when 281 is divided by 11?
6
Calculate the remainder when 490 is divided by 58.
26
What is the remainder when 806 is divided by 15?
11
What is the remainder when 300 is divided by 143?
14
What is the remainder when 39 is divided by 10?
9
What is the remainder when 176 is divided by 53?
17
Calculate the remainder when 497 is divided by 374.
123
Calculate the remainder when 253 is divided by 150.
103
What is the remainder when 728 is divided by 23?
15
Calculate the remainder when 1349 is divide